igit of 9703794?
7
What is the hundreds digit of 3117605?
6
What is the tens digit of 1386870?
7
What is the millions digit of 6481119?
6
What is the millions digit of 1062788?
1
What is the tens digit of 1949401?
0
What is the thousands digit of 290415?
0
What is the hundred thousands digit of 1292709?
2
What is the thousands digit of 651085?
1
What is the hundreds digit of 775472?
4
What is the ten thousands digit of 2179644?
7
What is the units digit of 557437?
7
What is the tens digit of 156147?
4
What is the hundreds digit of 1295343?
3
What is the units digit of 5976004?
4
What is the thousands digit of 1772803?
2
What is the hundreds digit of 816133?
1
What is the ten thousands digit of 8883710?
8
What is the hundreds digit of 443752?
7
What is the units digit of 23863127?
7
What is the tens digit of 5141523?
2
What is the hundred thousands digit of 5042244?
0
What is the hundred thousands digit of 141843?
1
What is the ten millions digit of 25645005?
2
What is the thousands digit of 1666390?
6
What is the millions digit of 1035226?
1
What is the ten thousands digit of 6690185?
9
What is the millions digit of 1629676?
1
What is the ten thousands digit of 2095906?
9
What is the ten thousands digit of 1576283?
7
What is the tens digit of 4772253?
5
What is the tens digit of 1251980?
8
What is the units digit of 244603?
3
What is the units digit of 3338432?
2
What is the tens digit of 401672?
7
What is the thousands digit of 490306?
0
What is the ten thousands digit of 2255258?
5
What is the ten thousands digit of 2955357?
5
What is the thousands digit of 184016?
4
What is the ten millions digit of 11980618?
1
What is the hundred thousands digit of 647859?
6
What is the thousands digit of 1113951?
3
What is the thousands digit of 972258?
2
What is the hundreds digit of 12138337?
3
What is the ten thousands digit of 1016624?
1
What is the thousands digit of 1285933?
5
What is the tens digit of 4192730?
3
What is the hundreds digit of 1545566?
5
What is the tens digit of 308281?
8
What is the units digit of 761733?
3
What is the ten thousands digit of 3940960?
4
What is the millions digit of 5436649?
5
What is the hundreds digit of 269725?
7
What is the thousands digit of 149529?
9
What is the tens digit of 618513?
1
What is the millions digit of 1303948?
1
What is the units digit of 868077?
7
What is the thousands digit of 16680598?
0
What is the thousands digit of 1804918?
4
What is the hundreds digit of 21124?
1
What is the hundred thousands digit of 1354932?
3
What is the thousands digit of 225597?
5
What is the ten thousands digit of 2916205?
1
What is the hundreds digit of 1437270?
2
What is the tens digit of 4762794?
9
What is the hundred thousands digit of 265464?
2
What is the hundreds digit of 784082?
0
What is the thousands digit of 17361803?
1
What is the ten thousands digit of 1136248?
3
What is the ten thousands digit of 569540?
6
What is the hundreds digit of 1075178?
1
What is the units digit of 839433?
3
What is the units digit of 2822421?
1
What is the thousands digit of 7931918?
1
What is the millions digit of 3265689?
3
What is the hundred thousands digit of 646471?
6
What is the hundreds digit of 1913230?
2
What is the hundred thousands digit of 258892?
2
What is the hundred thousands digit of 1161064?
1
What is the hundreds digit of 427335?
3
What is the tens digit of 2219933?
3
What is the units digit of 2036025?
5
What is the hundred thousands digit of 8577781?
5
What is the units digit of 1680889?
9
What is the tens digit of 1452459?
5
What is the hundreds digit of 5689197?
1
What is the units digit of 4070586?
6
What is the units digit of 775337?
7
What is the tens digit of 1707119?
1
What is the hundred thousands digit of 23265182?
2
What is the tens digit of 437091?
9
What is the units digit of 9384772?
2
What is the hundred thousands digit of 665292?
6
What is the ten thousands digit of 255479?
5
What is the thousands digit of 111756?
1
What is the tens digit of 473657?
5
What is the units digit of 259956?
6
What is the hundred thousands digit of 8741672?
7
What is the hundreds digit of 1077453?
4
What is the tens digit of 167435?
3
What is the ten millions digit of 10000658?
1
What is the hundred thousands digit of 862201?
8
What is the units digit of 2476654?
4
What is the ten thousands digit of 4317949?
1
What is the thousands digit of 295321?
5
What is the tens digit of 48617?
1
What is the units digit of 658008?
8
What is the hundred thousands digit of 209104?
2
What is the ten thousands digit of 5842382?
4
What is the tens digit of 15006100?
0
What is the ten thousands digit of 2769939?
6
What is the tens digit of 220283?
8
What is the millions digit of 1107317?
1
What is the thousands digit of 6484586?
4
What is the hundreds digit of 29091763?
7
What is the hundred thousands digit of 516733?
5
What is the units digit of 589485?
5
What is the thousands digit of 2256409?
6
What is the hundreds digit of 512767?
7
What is the millions digit of 2662286?
2
What is the hundred thousands digit of 15508377?
5
What is the thousands digit of 11528891?
8
What is the hundred thousands digit of 613801?
6
What is the ten thousands digit of 179963?
7
What is the hundreds digit of 2333629?
6
What is the hundreds digit of 929948?
9
What is the thousands digit of 3356875?
6
What is the thousands digit of 973153?
3
What is the hundreds digit of 375144?
1
What is the ten thousands digit of 18448346?
4
What is the thousands digit of 933634?
3
What is the tens digit of 344041?
4
What is the ten thousands digit of 1227120?
2
What is the thousands digit of 850396?
0
What is the millions digit of 3885175?
3
What is the ten millions digit of 11524182?
1
What is the thousands digit of 9637556?
7
What is the thousands digit of 149330?
9
What is the millions digit of 25301318?
5
What is the units digit of 41222?
2
What is the hundreds digit of 187407?
4
What is the hundreds digit of 149628?
6
What is the hundred thousands digit of 7309555?
3
What is the hundreds digit of 3902395?
3
What is the hundred thousands digit of 4473484?
4
What is the hundreds digit of 5942050?
0
What is the ten thousands digit of 5366751?
6
What is the tens digit of 323456?
5
What is the thousands digit of 128556?
8
What is the tens digit of 3140171?
7
What is the ten thousands digit of 1734556?
3
What is the thousands digit of 24095?
4
What is the thousands digit of 799917?
9
What is the units digit of 314801?
1
What is the units digit of 7608953?
3
What is the hundreds digit of 14179383?
3
What is the tens digit of 2402544?
4
What is the units digit of 23358?
8
What is the ten thousands digit of 85336?
8
What is the hundred thousands digit of 8612256?
6
What is the hundreds digit of 29711941?
9
What is the tens digit of 328557?
5
What is the units digit of 173282?
2
What is the ten thousands digit of 1120994?
2
What is the hundreds digit of 6688739?
7
What is the tens digit of 376303?
0
What is the ten thousands digit of 6806499?
0
What is the hundred thousands digit of 416106?
4
What is the millions digit of 30775599?
0
What is the thousands digit of 189972?
9
What is the hundreds digit of 286640?
6
What is the units digit of 613484?
4
What is the tens digit of 395146?
4
What is the thousands digit of 772802?
2
What is the units digit of 13720406?
6
What is the ten thousands digit of 5692951?
9
What is the ten thousands digit of 30240607?
4
What is the hundreds digit of 139581?
5
What is the ten millions digit of 35696622?
3
What is the hundreds digit of 9097166?
1
What is the millions digit of 2951958?
2
What is the units digit of 724456?
6
What is the ten thousands digit of 1176900?
7
What is the thousands digit of 12404736?
4
What is the units digit of 5054045?
5
What is the tens digit of 169830?
3
What is the tens digit of 62548?
4
What is the hundred thousands digit of 128479?
1
What is the ten thousands digit of 8428289?
2
What is the millions digit of 3236094?
3
What is the units digit of 1159098?
8
What is the ten thousands digit of 5669354?
6
What is the ten thousands digit of 1830667?
3
What is the units digit of 1868097?
7
What is the ten millions digit of 35244473?
3
What is the hundreds digit of 3991319?
3
What is the thousands digit of 36